{"id":1665,"date":"2026-01-22T17:52:36","date_gmt":"2026-01-22T16:52:36","guid":{"rendered":"https:\/\/psychologiedelasante.fr\/?page_id=1665"},"modified":"2026-01-28T22:47:59","modified_gmt":"2026-01-28T21:47:59","slug":"trauma","status":"publish","type":"page","link":"https:\/\/psychologiedelasante.fr\/index.php\/trauma\/","title":{"rendered":"Trauma"},"content":{"rendered":"<div id=\"pl-1665\"  class=\"panel-layout\" ><div id=\"pg-1665-0\"  class=\"panel-grid panel-no-style\" ><div id=\"pgc-1665-0-0\"  class=\"panel-grid-cell\" ><div id=\"panel-1665-0-0-0\" class=\"so-panel widget widget_sow-editor panel-first-child\" data-index=\"0\" ><div\n\t\t\t\n\t\t\tclass=\"so-widget-sow-editor so-widget-sow-editor-base\"\n\t\t\t\n\t\t>\n<div class=\"siteorigin-widget-tinymce textwidget\">\n\t<p><em>Page en construction<\/em><\/p>\n<p>Dans le cadre du suivi th\u00e9rapeutique :<\/p>\n<p>* Je vous am\u00e8ne \u00e0 mieux comprendre votre souffrance, \u00e0 r\u00e9int\u00e9grer vos parties dissoci\u00e9es, \u00e0 (re)construire un sentiment de s\u00e9curit\u00e9 et de contr\u00f4le pour une vie plus \u00e9panouie malgr\u00e9 les difficult\u00e9s et l\u2019adversit\u00e9 que vous avez pu traverser.<\/p>\n<p>* Je vous accompagne avec les connaissances, les pratiques et les outils issus de\u00a0:<br \/>\n- la Somatic Experiencing de <a href=\"https:\/\/www.somaticexperiencing.com\">Peter Levine<\/a><br \/>\n- l\u2019IFS en lien avec le trauma de <a href=\"https:\/\/www.frankandersonmd.com\/\">Frank Anderson<\/a><br \/>\n- le TIST (Traitement de stabilisation trauma-inform\u00e9) de <a href=\"https:\/\/janinafisher.com\/\">Janina Fisher<\/a><br \/>\n- le trauma de n\u00e9gligence de <a href=\"https:\/\/ruthcohnmft.com\/\">Ruth Cohn<\/a><br \/>\n- le DNMS (Strat\u00e9gies de r\u00e9ponse aux besoins d\u00e9veloppementaux) de <a href=\"https:\/\/www.shirleyjeanschmidt.com)\">Shirley Jean Schmidt<\/a> traduit et diffus\u00e9 en France par <a href=\"https:\/\/www.aliciagyatso.com\">Alicia Gyatso<\/a>.<\/p>\n<p>&nbsp;<\/p>\n<\/div>\n<\/div><\/div><div id=\"panel-1665-0-0-1\" class=\"so-panel widget widget_lawyer_zone_contact panel-last-child\" data-index=\"1\" >            <section id=\"contact\" class=\"at-widgets acme-contact \">\r\n                <div class=\"contact-form\">\r\n                    <div class=\"container\">\r\n                        <div class=\"row\">\r\n                            <div class='at-widget-title-wrapper'><h3 class=\"widget-title\">Formulaire de contact<\/h3><\/div>                            <div class=\"col-md-12 init-animate zoomIn\">\r\n                                \n<div class=\"wpcf7 no-js\" id=\"wpcf7-f97-o1\" lang=\"fr-FR\" dir=\"ltr\" data-wpcf7-id=\"97\">\n<div class=\"screen-reader-response\"><p role=\"status\" aria-live=\"polite\" aria-atomic=\"true\"><\/p> <ul><\/ul><\/div>\n<form action=\"\/index.php\/wp-json\/wp\/v2\/pages\/1665#wpcf7-f97-o1\" method=\"post\" class=\"wpcf7-form init\" aria-label=\"Formulaire de contact\" novalidate=\"novalidate\" data-status=\"init\">\n<fieldset class=\"hidden-fields-container\"><input type=\"hidden\" name=\"_wpcf7\" value=\"97\" \/><input type=\"hidden\" name=\"_wpcf7_version\" value=\"6.1.4\" \/><input type=\"hidden\" name=\"_wpcf7_locale\" value=\"fr_FR\" \/><input type=\"hidden\" name=\"_wpcf7_unit_tag\" value=\"wpcf7-f97-o1\" \/><input type=\"hidden\" name=\"_wpcf7_container_post\" value=\"0\" \/><input type=\"hidden\" name=\"_wpcf7_posted_data_hash\" value=\"\" \/><input type=\"hidden\" name=\"_wpcf7_recaptcha_response\" value=\"\" \/>\n<\/fieldset>\n<p><label> Votre nom (obligatoire)<br \/>\n<span class=\"wpcf7-form-control-wrap\" data-name=\"your-name\"><input size=\"40\" maxlength=\"400\" class=\"wpcf7-form-control wpcf7-text wpcf7-validates-as-required\" aria-required=\"true\" aria-invalid=\"false\" value=\"\" type=\"text\" name=\"your-name\" \/><\/span> <\/label>\n<\/p>\n<p><label> Votre adresse de messagerie (obligatoire)<br \/>\n<span class=\"wpcf7-form-control-wrap\" data-name=\"your-email\"><input size=\"40\" maxlength=\"400\" class=\"wpcf7-form-control wpcf7-email wpcf7-validates-as-required wpcf7-text wpcf7-validates-as-email\" aria-required=\"true\" aria-invalid=\"false\" value=\"\" type=\"email\" name=\"your-email\" \/><\/span> <\/label>\n<\/p>\n<p><label> Objet<br \/>\n<span class=\"wpcf7-form-control-wrap\" data-name=\"your-subject\"><input size=\"40\" maxlength=\"400\" class=\"wpcf7-form-control wpcf7-text\" aria-invalid=\"false\" value=\"\" type=\"text\" name=\"your-subject\" \/><\/span> <\/label>\n<\/p>\n<p><label> Votre message<br \/>\n<span class=\"wpcf7-form-control-wrap\" data-name=\"your-message\"><textarea cols=\"40\" rows=\"10\" maxlength=\"2000\" class=\"wpcf7-form-control wpcf7-textarea\" aria-invalid=\"false\" name=\"your-message\"><\/textarea><\/span> <\/label>\n<\/p>\n<p><span class=\"wpcf7-form-control-wrap\" data-name=\"acceptance-432\"><span class=\"wpcf7-form-control wpcf7-acceptance\"><span class=\"wpcf7-list-item\"><label><input type=\"checkbox\" name=\"acceptance-432\" value=\"1\" aria-invalid=\"false\" \/><span class=\"wpcf7-list-item-label\">En accord avec la RGPD, en soumettant ce formulaire, j'accepte que les informations saisies dans celui-ci soient utilis\u00e9es pour permettre de me recontacter dans le cadre d'une demande d'informations ou l'\u00e9laboration d'un devis. (Obligatoire)<\/span><\/label><\/span><\/span><\/span>\n<\/p>\n<p><input class=\"wpcf7-form-control wpcf7-submit has-spinner\" type=\"submit\" value=\"Envoyer\" \/>\n<\/p><div class=\"wpcf7-response-output\" aria-hidden=\"true\"><\/div>\n<\/form>\n<\/div>\n                            <\/div>\r\n\r\n                        <\/div>\r\n                    <\/div>\r\n                <\/div>\r\n            <\/section>\r\n            <\/div><\/div><\/div><\/div>","protected":false},"excerpt":{"rendered":"<p>Page en construction Dans le cadre du suivi th\u00e9rapeutique : * Je vous am\u00e8ne \u00e0 mieux comprendre votre souffrance, \u00e0 r\u00e9int\u00e9grer vos parties dissoci\u00e9es, \u00e0 (re)construire un sentiment de s\u00e9curit\u00e9 et de contr\u00f4le pour une vie plus \u00e9panouie malgr\u00e9 les difficult\u00e9s et l\u2019adversit\u00e9 que vous avez pu traverser. * Je vous accompagne avec les connaissances, [&hellip;]<\/p>\n","protected":false},"author":1,"featured_media":0,"parent":0,"menu_order":0,"comment_status":"closed","ping_status":"closed","template":"","meta":{"footnotes":""},"class_list":["post-1665","page","type-page","status-publish","hentry"],"yoast_head":"<!-- This site is optimized with the Yoast SEO plugin v26.9 - https:\/\/yoast.com\/product\/yoast-seo-wordpress\/ -->\n<title>Trauma | Amandine BONNET | Psychologue, Psychoth\u00e9rapeute | Montpellier<\/title>\n<meta name=\"description\" content=\"Amandine BONNET, Psychologue de la sant\u00e9, Psychoth\u00e9rapeute, Consultante Pr\u00e9vention Sant\u00e9, Th\u00e9rapies de pleine conscience, Montpellier, France\" \/>\n<meta name=\"robots\" content=\"index, follow, max-snippet:-1, max-image-preview:large, max-video-preview:-1\" \/>\n<link rel=\"canonical\" href=\"https:\/\/psychologiedelasante.fr\/index.php\/trauma\/\" \/>\n<meta property=\"og:locale\" content=\"fr_FR\" \/>\n<meta property=\"og:type\" content=\"article\" \/>\n<meta property=\"og:title\" content=\"Trauma | Amandine BONNET | Psychologue, Psychoth\u00e9rapeute | Montpellier\" \/>\n<meta property=\"og:description\" content=\"Amandine BONNET, Psychologue de la sant\u00e9, Psychoth\u00e9rapeute, Consultante Pr\u00e9vention Sant\u00e9, Th\u00e9rapies de pleine conscience, Montpellier, France\" \/>\n<meta property=\"og:url\" content=\"https:\/\/psychologiedelasante.fr\/index.php\/trauma\/\" \/>\n<meta property=\"og:site_name\" content=\"Amandine BONNET | Psychologue, Psychoth\u00e9rapeute | Montpellier\" \/>\n<meta property=\"article:modified_time\" content=\"2026-01-28T21:47:59+00:00\" \/>\n<meta name=\"twitter:card\" content=\"summary_large_image\" \/>\n<meta name=\"twitter:label1\" content=\"Dur\u00e9e de lecture estim\u00e9e\" \/>\n\t<meta name=\"twitter:data1\" content=\"1 minute\" \/>\n<script type=\"application\/ld+json\" class=\"yoast-schema-graph\">{\"@context\":\"https:\/\/schema.org\",\"@graph\":[{\"@type\":\"WebPage\",\"@id\":\"https:\/\/psychologiedelasante.fr\/index.php\/trauma\/\",\"url\":\"https:\/\/psychologiedelasante.fr\/index.php\/trauma\/\",\"name\":\"Trauma | Amandine BONNET | Psychologue, Psychoth\u00e9rapeute | Montpellier\",\"isPartOf\":{\"@id\":\"https:\/\/psychologiedelasante.fr\/#website\"},\"datePublished\":\"2026-01-22T16:52:36+00:00\",\"dateModified\":\"2026-01-28T21:47:59+00:00\",\"description\":\"Amandine BONNET, Psychologue de la sant\u00e9, Psychoth\u00e9rapeute, Consultante Pr\u00e9vention Sant\u00e9, Th\u00e9rapies de pleine conscience, Montpellier, France\",\"breadcrumb\":{\"@id\":\"https:\/\/psychologiedelasante.fr\/index.php\/trauma\/#breadcrumb\"},\"inLanguage\":\"fr-FR\",\"potentialAction\":[{\"@type\":\"ReadAction\",\"target\":[\"https:\/\/psychologiedelasante.fr\/index.php\/trauma\/\"]}]},{\"@type\":\"BreadcrumbList\",\"@id\":\"https:\/\/psychologiedelasante.fr\/index.php\/trauma\/#breadcrumb\",\"itemListElement\":[{\"@type\":\"ListItem\",\"position\":1,\"name\":\"Accueil\",\"item\":\"https:\/\/psychologiedelasante.fr\/\"},{\"@type\":\"ListItem\",\"position\":2,\"name\":\"Trauma\"}]},{\"@type\":\"WebSite\",\"@id\":\"https:\/\/psychologiedelasante.fr\/#website\",\"url\":\"https:\/\/psychologiedelasante.fr\/\",\"name\":\"Amandine BONNET, Psychologue, Psychoth\u00e9rapeute, Formatrice\",\"description\":\"\",\"potentialAction\":[{\"@type\":\"SearchAction\",\"target\":{\"@type\":\"EntryPoint\",\"urlTemplate\":\"https:\/\/psychologiedelasante.fr\/?s={search_term_string}\"},\"query-input\":{\"@type\":\"PropertyValueSpecification\",\"valueRequired\":true,\"valueName\":\"search_term_string\"}}],\"inLanguage\":\"fr-FR\"}]}<\/script>\n<!-- \/ Yoast SEO plugin. -->","yoast_head_json":{"title":"Trauma | Amandine BONNET | Psychologue, Psychoth\u00e9rapeute | Montpellier","description":"Amandine BONNET, Psychologue de la sant\u00e9, Psychoth\u00e9rapeute, Consultante Pr\u00e9vention Sant\u00e9, Th\u00e9rapies de pleine conscience, Montpellier, France","robots":{"index":"index","follow":"follow","max-snippet":"max-snippet:-1","max-image-preview":"max-image-preview:large","max-video-preview":"max-video-preview:-1"},"canonical":"https:\/\/psychologiedelasante.fr\/index.php\/trauma\/","og_locale":"fr_FR","og_type":"article","og_title":"Trauma | Amandine BONNET | Psychologue, Psychoth\u00e9rapeute | Montpellier","og_description":"Amandine BONNET, Psychologue de la sant\u00e9, Psychoth\u00e9rapeute, Consultante Pr\u00e9vention Sant\u00e9, Th\u00e9rapies de pleine conscience, Montpellier, France","og_url":"https:\/\/psychologiedelasante.fr\/index.php\/trauma\/","og_site_name":"Amandine BONNET | Psychologue, Psychoth\u00e9rapeute | Montpellier","article_modified_time":"2026-01-28T21:47:59+00:00","twitter_card":"summary_large_image","twitter_misc":{"Dur\u00e9e de lecture estim\u00e9e":"1 minute"},"schema":{"@context":"https:\/\/schema.org","@graph":[{"@type":"WebPage","@id":"https:\/\/psychologiedelasante.fr\/index.php\/trauma\/","url":"https:\/\/psychologiedelasante.fr\/index.php\/trauma\/","name":"Trauma | Amandine BONNET | Psychologue, Psychoth\u00e9rapeute | Montpellier","isPartOf":{"@id":"https:\/\/psychologiedelasante.fr\/#website"},"datePublished":"2026-01-22T16:52:36+00:00","dateModified":"2026-01-28T21:47:59+00:00","description":"Amandine BONNET, Psychologue de la sant\u00e9, Psychoth\u00e9rapeute, Consultante Pr\u00e9vention Sant\u00e9, Th\u00e9rapies de pleine conscience, Montpellier, France","breadcrumb":{"@id":"https:\/\/psychologiedelasante.fr\/index.php\/trauma\/#breadcrumb"},"inLanguage":"fr-FR","potentialAction":[{"@type":"ReadAction","target":["https:\/\/psychologiedelasante.fr\/index.php\/trauma\/"]}]},{"@type":"BreadcrumbList","@id":"https:\/\/psychologiedelasante.fr\/index.php\/trauma\/#breadcrumb","itemListElement":[{"@type":"ListItem","position":1,"name":"Accueil","item":"https:\/\/psychologiedelasante.fr\/"},{"@type":"ListItem","position":2,"name":"Trauma"}]},{"@type":"WebSite","@id":"https:\/\/psychologiedelasante.fr\/#website","url":"https:\/\/psychologiedelasante.fr\/","name":"Amandine BONNET, Psychologue, Psychoth\u00e9rapeute, Formatrice","description":"","potentialAction":[{"@type":"SearchAction","target":{"@type":"EntryPoint","urlTemplate":"https:\/\/psychologiedelasante.fr\/?s={search_term_string}"},"query-input":{"@type":"PropertyValueSpecification","valueRequired":true,"valueName":"search_term_string"}}],"inLanguage":"fr-FR"}]}},"_links":{"self":[{"href":"https:\/\/psychologiedelasante.fr\/index.php\/wp-json\/wp\/v2\/pages\/1665","targetHints":{"allow":["GET"]}}],"collection":[{"href":"https:\/\/psychologiedelasante.fr\/index.php\/wp-json\/wp\/v2\/pages"}],"about":[{"href":"https:\/\/psychologiedelasante.fr\/index.php\/wp-json\/wp\/v2\/types\/page"}],"author":[{"embeddable":true,"href":"https:\/\/psychologiedelasante.fr\/index.php\/wp-json\/wp\/v2\/users\/1"}],"replies":[{"embeddable":true,"href":"https:\/\/psychologiedelasante.fr\/index.php\/wp-json\/wp\/v2\/comments?post=1665"}],"version-history":[{"count":5,"href":"https:\/\/psychologiedelasante.fr\/index.php\/wp-json\/wp\/v2\/pages\/1665\/revisions"}],"predecessor-version":[{"id":1744,"href":"https:\/\/psychologiedelasante.fr\/index.php\/wp-json\/wp\/v2\/pages\/1665\/revisions\/1744"}],"wp:attachment":[{"href":"https:\/\/psychologiedelasante.fr\/index.php\/wp-json\/wp\/v2\/media?parent=1665"}],"curies":[{"name":"wp","href":"https:\/\/api.w.org\/{rel}","templated":true}]}}

<div id="pl-1665"  class="panel-layout" ><div id="pg-1665-0"  class="panel-grid panel-no-style" ><div id="pgc-1665-0-0"  class="panel-grid-cell" ><div id="panel-1665-0-0-0" class="so-panel widget widget_sow-editor panel-first-child" data-index="0" ><div
			
			class="so-widget-sow-editor so-widget-sow-editor-base"
			
		>
<div class="siteorigin-widget-tinymce textwidget">
	<p><em>Page en construction</em></p>
<p>Dans le cadre du suivi thérapeutique :</p>
<p>* Je vous amène à mieux comprendre votre souffrance, à réintégrer vos parties dissociées, à (re)construire un sentiment de sécurité et de contrôle pour une vie plus épanouie malgré les difficultés et l’adversité que vous avez pu traverser.</p>
<p>* Je vous accompagne avec les connaissances, les pratiques et les outils issus de :<br />
- la Somatic Experiencing de <a href="https://www.somaticexperiencing.com">Peter Levine</a><br />
- l’IFS en lien avec le trauma de <a href="https://www.frankandersonmd.com/">Frank Anderson</a><br />
- le TIST (Traitement de stabilisation trauma-informé) de <a href="https://janinafisher.com/">Janina Fisher</a><br />
- le trauma de négligence de <a href="https://ruthcohnmft.com/">Ruth Cohn</a><br />
- le DNMS (Stratégies de réponse aux besoins développementaux) de <a href="https://www.shirleyjeanschmidt.com)">Shirley Jean Schmidt</a> traduit et diffusé en France par <a href="https://www.aliciagyatso.com">Alicia Gyatso</a>.</p>
<p>&nbsp;</p>
</div>
</div></div><div id="panel-1665-0-0-1" class="so-panel widget widget_lawyer_zone_contact panel-last-child" data-index="1" >            <section id="contact" class="at-widgets acme-contact ">
                <div class="contact-form">
                    <div class="container">
                        <div class="row">
                            <div class='at-widget-title-wrapper'><h3 class="widget-title">Formulaire de contact</h3></div>                            <div class="col-md-12 init-animate zoomIn">
                                
<div class="wpcf7 no-js" id="wpcf7-f97-o1" lang="fr-FR" dir="ltr" data-wpcf7-id="97">
<div class="screen-reader-response"><p role="status" aria-live="polite" aria-atomic="true"></p> <ul></ul></div>
<form action="/index.php/wp-json/wp/v2/pages/1665#wpcf7-f97-o1" method="post" class="wpcf7-form init" aria-label="Formulaire de contact" novalidate="novalidate" data-status="init">
<fieldset class="hidden-fields-container"><input type="hidden" name="_wpcf7" value="97" /><input type="hidden" name="_wpcf7_version" value="6.1.4" /><input type="hidden" name="_wpcf7_locale" value="fr_FR" /><input type="hidden" name="_wpcf7_unit_tag" value="wpcf7-f97-o1" /><input type="hidden" name="_wpcf7_container_post" value="0" /><input type="hidden" name="_wpcf7_posted_data_hash" value="" /><input type="hidden" name="_wpcf7_recaptcha_response" value="" />
</fieldset>
<p><label> Votre nom (obligatoire)<br />
<span class="wpcf7-form-control-wrap" data-name="your-name"><input size="40" maxlength="400" class="wpcf7-form-control wpcf7-text wpcf7-validates-as-required" aria-required="true" aria-invalid="false" value="" type="text" name="your-name" /></span> </label>
</p>
<p><label> Votre adresse de messagerie (obligatoire)<br />
<span class="wpcf7-form-control-wrap" data-name="your-email"><input size="40" maxlength="400" class="wpcf7-form-control wpcf7-email wpcf7-validates-as-required wpcf7-text wpcf7-validates-as-email" aria-required="true" aria-invalid="false" value="" type="email" name="your-email" /></span> </label>
</p>
<p><label> Objet<br />
<span class="wpcf7-form-control-wrap" data-name="your-subject"><input size="40" maxlength="400" class="wpcf7-form-control wpcf7-text" aria-invalid="false" value="" type="text" name="your-subject" /></span> </label>
</p>
<p><label> Votre message<br />
<span class="wpcf7-form-control-wrap" data-name="your-message"><textarea cols="40" rows="10" maxlength="2000" class="wpcf7-form-control wpcf7-textarea" aria-invalid="false" name="your-message"></textarea></span> </label>
</p>
<p><span class="wpcf7-form-control-wrap" data-name="acceptance-432"><span class="wpcf7-form-control wpcf7-acceptance"><span class="wpcf7-list-item"><label><input type="checkbox" name="acceptance-432" value="1" aria-invalid="false" /><span class="wpcf7-list-item-label">En accord avec la RGPD, en soumettant ce formulaire, j'accepte que les informations saisies dans celui-ci soient utilisées pour permettre de me recontacter dans le cadre d'une demande d'informations ou l'élaboration d'un devis. (Obligatoire)</span></label></span></span></span>
</p>
<p><input class="wpcf7-form-control wpcf7-submit has-spinner" type="submit" value="Envoyer" />
</p><div class="wpcf7-response-output" aria-hidden="true"></div>
</form>
</div>
                            </div>

                        </div>
                    </div>
                </div>
            </section>
            </div></div></div></div>

<p>Page en construction Dans le cadre du suivi thérapeutique : * Je vous amène à mieux comprendre votre souffrance, à réintégrer vos parties dissociées, à (re)construire un sentiment de sécurité et de contrôle pour une vie plus épanouie malgré les difficultés et l’adversité que vous avez pu traverser. * Je vous accompagne avec les connaissances, [&hellip;]</p>

<!-- This site is optimized with the Yoast SEO plugin v26.9 - https://yoast.com/product/yoast-seo-wordpress/ -->
<title>Trauma | Amandine BONNET | Psychologue, Psychothérapeute | Montpellier</title>
<meta name="description" content="Amandine BONNET, Psychologue de la santé, Psychothérapeute, Consultante Prévention Santé, Thérapies de pleine conscience, Montpellier, France" />
<meta name="robots" content="index, follow, max-snippet:-1, max-image-preview:large, max-video-preview:-1" />
<link rel="canonical" href="https://psychologiedelasante.fr/index.php/trauma/" />
<meta property="og:locale" content="fr_FR" />
<meta property="og:type" content="article" />
<meta property="og:title" content="Trauma | Amandine BONNET | Psychologue, Psychothérapeute | Montpellier" />
<meta property="og:description" content="Amandine BONNET, Psychologue de la santé, Psychothérapeute, Consultante Prévention Santé, Thérapies de pleine conscience, Montpellier, France" />
<meta property="og:url" content="https://psychologiedelasante.fr/index.php/trauma/" />
<meta property="og:site_name" content="Amandine BONNET | Psychologue, Psychothérapeute | Montpellier" />
<meta property="article:modified_time" content="2026-01-28T21:47:59+00:00" />
<meta name="twitter:card" content="summary_large_image" />
<meta name="twitter:label1" content="Durée de lecture estimée" />
	<meta name="twitter:data1" content="1 minute" />
<script type="application/ld+json" class="yoast-schema-graph">{"@context":"https://schema.org","@graph":[{"@type":"WebPage","@id":"https://psychologiedelasante.fr/index.php/trauma/","url":"https://psychologiedelasante.fr/index.php/trauma/","name":"Trauma | Amandine BONNET | Psychologue, Psychothérapeute | Montpellier","isPartOf":{"@id":"https://psychologiedelasante.fr/#website"},"datePublished":"2026-01-22T16:52:36+00:00","dateModified":"2026-01-28T21:47:59+00:00","description":"Amandine BONNET, Psychologue de la santé, Psychothérapeute, Consultante Prévention Santé, Thérapies de pleine conscience, Montpellier, France","breadcrumb":{"@id":"https://psychologiedelasante.fr/index.php/trauma/#breadcrumb"},"inLanguage":"fr-FR","potentialAction":[{"@type":"ReadAction","target":["https://psychologiedelasante.fr/index.php/trauma/"]}]},{"@type":"BreadcrumbList","@id":"https://psychologiedelasante.fr/index.php/trauma/#breadcrumb","itemListElement":[{"@type":"ListItem","position":1,"name":"Accueil","item":"https://psychologiedelasante.fr/"},{"@type":"ListItem","position":2,"name":"Trauma"}]},{"@type":"WebSite","@id":"https://psychologiedelasante.fr/#website","url":"https://psychologiedelasante.fr/","name":"Amandine BONNET, Psychologue, Psychothérapeute, Formatrice","description":"","potentialAction":[{"@type":"SearchAction","target":{"@type":"EntryPoint","urlTemplate":"https://psychologiedelasante.fr/?s={search_term_string}"},"query-input":{"@type":"PropertyValueSpecification","valueRequired":true,"valueName":"search_term_string"}}],"inLanguage":"fr-FR"}]}</script>
<!-- / Yoast SEO plugin. -->

Trauma | Amandine BONNET | Psychologue, Psychothérapeute | Montpellier

Amandine BONNET, Psychologue de la santé, Psychothérapeute, Consultante Prévention Santé, Thérapies de pleine conscience, Montpellier, France

Amandine BONNET | Psychologue, Psychothérapeute | Montpellier

Amandine BONNET, Psychologue, Psychothérapeute, Formatrice
