{"id":215,"date":"2018-07-16T10:13:17","date_gmt":"2018-07-16T10:13:17","guid":{"rendered":"http:\/\/demo.acmethemes.com\/lawyer-zone\/?page_id=44"},"modified":"2026-01-28T22:38:08","modified_gmt":"2026-01-28T21:38:08","slug":"sante-au-travail","status":"publish","type":"page","link":"https:\/\/psychologiedelasante.fr\/index.php\/sante-au-travail\/","title":{"rendered":"Formation pour les salari\u00e9s"},"content":{"rendered":"<div id=\"pl-215\"  class=\"panel-layout\" ><div id=\"pg-215-0\"  class=\"panel-grid panel-no-style\" ><div id=\"pgc-215-0-0\"  class=\"panel-grid-cell\" ><div id=\"panel-215-0-0-0\" class=\"so-panel widget widget_sow-editor panel-first-child\" data-index=\"0\" ><div\n\t\t\t\n\t\t\tclass=\"so-widget-sow-editor so-widget-sow-editor-base\"\n\t\t\t\n\t\t><h3 class=\"widget-title\">Sant\u00e9 au travail<\/h3>\n<div class=\"siteorigin-widget-tinymce textwidget\">\n\t<p>Des modules de formation adapt\u00e9s aux besoins des salari\u00e9s sous forme d'ateliers pratiques, d'une demi-journ\u00e9e \u00e0 2 jours :<\/p>\n<ul>\n<li><strong>Positiver ses \u00e9motions au travail<\/strong> : <em>ou comment tirer le meilleur parti possible de ses \u00e9motions en d\u00e9veloppant son intelligence \u00e9motionnelle.<\/em><\/li>\n<li><strong>Pr\u00e9venir le burn-out<\/strong> : <em>apprendre \u00e0 observer en soi pour mieux faire face aux situations stressantes et acqu\u00e9rir des outils simples d'entra\u00eenement attentionnel et de r\u00e9gulation \u00e9motionnelle pour d\u00e9velopper la confiance en soi et retrouver l'envie et la motivation.<\/em><\/li>\n<li><strong>R\u00e9pondre au stress avec les outils de la pleine conscience<\/strong> : <em>g\u00e9rer son stress avec des outils sp\u00e9cifiques issus des pratiques de mindfulness.<\/em><\/li>\n<li><strong>Je coache ma sant\u00e9 !<\/strong> : <em>ou comment prendre soin de sa sant\u00e9 de fa\u00e7on globale.<\/em><\/li>\n<\/ul>\n<p>D'autres th\u00e8mes de formation sont possibles sur demande : nous sommes \u00e0 votre disposition pour \u00e9laborer une formation qui corresponde parfaitement \u00e0 vos besoins.<\/p>\n<p>&nbsp;<\/p>\n<p>&nbsp;<\/p>\n<p><strong>Contact :<\/strong><br \/>\nAmandine BONNET<br \/>\n<a href=\"tel:+33651048322\">06.51.04.83.22<\/a><\/p>\n<\/div>\n<\/div><\/div><div id=\"panel-215-0-0-1\" class=\"so-panel widget widget_lawyer_zone_contact panel-last-child\" data-index=\"1\" >            <section id=\"contact\" class=\"at-widgets acme-contact \">\r\n                <div class=\"contact-form\">\r\n                    <div class=\"container\">\r\n                        <div class=\"row\">\r\n                            <div class='at-widget-title-wrapper'><h3 class=\"widget-title\">Formulaire de contact<\/h3><\/div>                            <div class=\"col-md-12 init-animate zoomIn\">\r\n                                \n<div class=\"wpcf7 no-js\" id=\"wpcf7-f97-o1\" lang=\"fr-FR\" dir=\"ltr\" data-wpcf7-id=\"97\">\n<div class=\"screen-reader-response\"><p role=\"status\" aria-live=\"polite\" aria-atomic=\"true\"><\/p> <ul><\/ul><\/div>\n<form action=\"\/index.php\/wp-json\/wp\/v2\/pages\/215#wpcf7-f97-o1\" method=\"post\" class=\"wpcf7-form init\" aria-label=\"Formulaire de contact\" novalidate=\"novalidate\" data-status=\"init\">\n<fieldset class=\"hidden-fields-container\"><input type=\"hidden\" name=\"_wpcf7\" value=\"97\" \/><input type=\"hidden\" name=\"_wpcf7_version\" value=\"6.1.4\" \/><input type=\"hidden\" name=\"_wpcf7_locale\" value=\"fr_FR\" \/><input type=\"hidden\" name=\"_wpcf7_unit_tag\" value=\"wpcf7-f97-o1\" \/><input type=\"hidden\" name=\"_wpcf7_container_post\" value=\"0\" \/><input type=\"hidden\" name=\"_wpcf7_posted_data_hash\" value=\"\" \/><input type=\"hidden\" name=\"_wpcf7_recaptcha_response\" value=\"\" \/>\n<\/fieldset>\n<p><label> Votre nom (obligatoire)<br \/>\n<span class=\"wpcf7-form-control-wrap\" data-name=\"your-name\"><input size=\"40\" maxlength=\"400\" class=\"wpcf7-form-control wpcf7-text wpcf7-validates-as-required\" aria-required=\"true\" aria-invalid=\"false\" value=\"\" type=\"text\" name=\"your-name\" \/><\/span> <\/label>\n<\/p>\n<p><label> Votre adresse de messagerie (obligatoire)<br \/>\n<span class=\"wpcf7-form-control-wrap\" data-name=\"your-email\"><input size=\"40\" maxlength=\"400\" class=\"wpcf7-form-control wpcf7-email wpcf7-validates-as-required wpcf7-text wpcf7-validates-as-email\" aria-required=\"true\" aria-invalid=\"false\" value=\"\" type=\"email\" name=\"your-email\" \/><\/span> <\/label>\n<\/p>\n<p><label> Objet<br \/>\n<span class=\"wpcf7-form-control-wrap\" data-name=\"your-subject\"><input size=\"40\" maxlength=\"400\" class=\"wpcf7-form-control wpcf7-text\" aria-invalid=\"false\" value=\"\" type=\"text\" name=\"your-subject\" \/><\/span> <\/label>\n<\/p>\n<p><label> Votre message<br \/>\n<span class=\"wpcf7-form-control-wrap\" data-name=\"your-message\"><textarea cols=\"40\" rows=\"10\" maxlength=\"2000\" class=\"wpcf7-form-control wpcf7-textarea\" aria-invalid=\"false\" name=\"your-message\"><\/textarea><\/span> <\/label>\n<\/p>\n<p><span class=\"wpcf7-form-control-wrap\" data-name=\"acceptance-432\"><span class=\"wpcf7-form-control wpcf7-acceptance\"><span class=\"wpcf7-list-item\"><label><input type=\"checkbox\" name=\"acceptance-432\" value=\"1\" aria-invalid=\"false\" \/><span class=\"wpcf7-list-item-label\">En accord avec la RGPD, en soumettant ce formulaire, j'accepte que les informations saisies dans celui-ci soient utilis\u00e9es pour permettre de me recontacter dans le cadre d'une demande d'informations ou l'\u00e9laboration d'un devis. (Obligatoire)<\/span><\/label><\/span><\/span><\/span>\n<\/p>\n<p><input class=\"wpcf7-form-control wpcf7-submit has-spinner\" type=\"submit\" value=\"Envoyer\" \/>\n<\/p><div class=\"wpcf7-response-output\" aria-hidden=\"true\"><\/div>\n<\/form>\n<\/div>\n                            <\/div>\r\n\r\n                        <\/div>\r\n                    <\/div>\r\n                <\/div>\r\n            <\/section>\r\n            <\/div><\/div><\/div><\/div>","protected":false},"excerpt":{"rendered":"<p>Des modules de formation adapt\u00e9s aux besoins des salari\u00e9s sous forme d&rsquo;ateliers pratiques, d&rsquo;une demi-journ\u00e9e \u00e0 2 jours : Positiver ses \u00e9motions au travail : ou comment tirer le meilleur parti possible de ses \u00e9motions en d\u00e9veloppant son intelligence \u00e9motionnelle. Pr\u00e9venir le burn-out : apprendre \u00e0 observer en soi pour mieux faire face aux situations [&hellip;]<\/p>\n","protected":false},"author":1,"featured_media":0,"parent":0,"menu_order":0,"comment_status":"closed","ping_status":"closed","template":"","meta":{"footnotes":""},"class_list":["post-215","page","type-page","status-publish","hentry"],"yoast_head":"<!-- This site is optimized with the Yoast SEO plugin v26.9 - https:\/\/yoast.com\/product\/yoast-seo-wordpress\/ -->\n<title>Formation pour les salari\u00e9s | Amandine BONNET | Psychologue, Psychoth\u00e9rapeute | Montpellier<\/title>\n<meta name=\"description\" content=\"Orient\u00e9es sant\u00e9 au travail, ces formations s&#039;adressent aux salari\u00e9s en pr\u00e9vention des risques psychosociaux (stress, sommeil, concentration, fatigue...).\" \/>\n<meta name=\"robots\" content=\"index, follow, max-snippet:-1, max-image-preview:large, max-video-preview:-1\" \/>\n<link rel=\"canonical\" href=\"https:\/\/psychologiedelasante.fr\/index.php\/sante-au-travail\/\" \/>\n<meta property=\"og:locale\" content=\"fr_FR\" \/>\n<meta property=\"og:type\" content=\"article\" \/>\n<meta property=\"og:title\" content=\"Formation pour les salari\u00e9s | Amandine BONNET | Psychologue, Psychoth\u00e9rapeute | Montpellier\" \/>\n<meta property=\"og:description\" content=\"Orient\u00e9es sant\u00e9 au travail, ces formations s&#039;adressent aux salari\u00e9s en pr\u00e9vention des risques psychosociaux (stress, sommeil, concentration, fatigue...).\" \/>\n<meta property=\"og:url\" content=\"https:\/\/psychologiedelasante.fr\/index.php\/sante-au-travail\/\" \/>\n<meta property=\"og:site_name\" content=\"Amandine BONNET | Psychologue, Psychoth\u00e9rapeute | Montpellier\" \/>\n<meta property=\"article:modified_time\" content=\"2026-01-28T21:38:08+00:00\" \/>\n<meta name=\"twitter:card\" content=\"summary_large_image\" \/>\n<meta name=\"twitter:label1\" content=\"Dur\u00e9e de lecture estim\u00e9e\" \/>\n\t<meta name=\"twitter:data1\" content=\"1 minute\" \/>\n<script type=\"application\/ld+json\" class=\"yoast-schema-graph\">{\"@context\":\"https:\/\/schema.org\",\"@graph\":[{\"@type\":\"WebPage\",\"@id\":\"https:\/\/psychologiedelasante.fr\/index.php\/sante-au-travail\/\",\"url\":\"https:\/\/psychologiedelasante.fr\/index.php\/sante-au-travail\/\",\"name\":\"Formation pour les salari\u00e9s | Amandine BONNET | Psychologue, Psychoth\u00e9rapeute | Montpellier\",\"isPartOf\":{\"@id\":\"https:\/\/psychologiedelasante.fr\/#website\"},\"datePublished\":\"2018-07-16T10:13:17+00:00\",\"dateModified\":\"2026-01-28T21:38:08+00:00\",\"description\":\"Orient\u00e9es sant\u00e9 au travail, ces formations s'adressent aux salari\u00e9s en pr\u00e9vention des risques psychosociaux (stress, sommeil, concentration, fatigue...).\",\"breadcrumb\":{\"@id\":\"https:\/\/psychologiedelasante.fr\/index.php\/sante-au-travail\/#breadcrumb\"},\"inLanguage\":\"fr-FR\",\"potentialAction\":[{\"@type\":\"ReadAction\",\"target\":[\"https:\/\/psychologiedelasante.fr\/index.php\/sante-au-travail\/\"]}]},{\"@type\":\"BreadcrumbList\",\"@id\":\"https:\/\/psychologiedelasante.fr\/index.php\/sante-au-travail\/#breadcrumb\",\"itemListElement\":[{\"@type\":\"ListItem\",\"position\":1,\"name\":\"Accueil\",\"item\":\"https:\/\/psychologiedelasante.fr\/\"},{\"@type\":\"ListItem\",\"position\":2,\"name\":\"Formation pour les salari\u00e9s\"}]},{\"@type\":\"WebSite\",\"@id\":\"https:\/\/psychologiedelasante.fr\/#website\",\"url\":\"https:\/\/psychologiedelasante.fr\/\",\"name\":\"Amandine BONNET, Psychologue, Psychoth\u00e9rapeute, Formatrice\",\"description\":\"\",\"potentialAction\":[{\"@type\":\"SearchAction\",\"target\":{\"@type\":\"EntryPoint\",\"urlTemplate\":\"https:\/\/psychologiedelasante.fr\/?s={search_term_string}\"},\"query-input\":{\"@type\":\"PropertyValueSpecification\",\"valueRequired\":true,\"valueName\":\"search_term_string\"}}],\"inLanguage\":\"fr-FR\"}]}<\/script>\n<!-- \/ Yoast SEO plugin. -->","yoast_head_json":{"title":"Formation pour les salari\u00e9s | Amandine BONNET | Psychologue, Psychoth\u00e9rapeute | Montpellier","description":"Orient\u00e9es sant\u00e9 au travail, ces formations s'adressent aux salari\u00e9s en pr\u00e9vention des risques psychosociaux (stress, sommeil, concentration, fatigue...).","robots":{"index":"index","follow":"follow","max-snippet":"max-snippet:-1","max-image-preview":"max-image-preview:large","max-video-preview":"max-video-preview:-1"},"canonical":"https:\/\/psychologiedelasante.fr\/index.php\/sante-au-travail\/","og_locale":"fr_FR","og_type":"article","og_title":"Formation pour les salari\u00e9s | Amandine BONNET | Psychologue, Psychoth\u00e9rapeute | Montpellier","og_description":"Orient\u00e9es sant\u00e9 au travail, ces formations s'adressent aux salari\u00e9s en pr\u00e9vention des risques psychosociaux (stress, sommeil, concentration, fatigue...).","og_url":"https:\/\/psychologiedelasante.fr\/index.php\/sante-au-travail\/","og_site_name":"Amandine BONNET | Psychologue, Psychoth\u00e9rapeute | Montpellier","article_modified_time":"2026-01-28T21:38:08+00:00","twitter_card":"summary_large_image","twitter_misc":{"Dur\u00e9e de lecture estim\u00e9e":"1 minute"},"schema":{"@context":"https:\/\/schema.org","@graph":[{"@type":"WebPage","@id":"https:\/\/psychologiedelasante.fr\/index.php\/sante-au-travail\/","url":"https:\/\/psychologiedelasante.fr\/index.php\/sante-au-travail\/","name":"Formation pour les salari\u00e9s | Amandine BONNET | Psychologue, Psychoth\u00e9rapeute | Montpellier","isPartOf":{"@id":"https:\/\/psychologiedelasante.fr\/#website"},"datePublished":"2018-07-16T10:13:17+00:00","dateModified":"2026-01-28T21:38:08+00:00","description":"Orient\u00e9es sant\u00e9 au travail, ces formations s'adressent aux salari\u00e9s en pr\u00e9vention des risques psychosociaux (stress, sommeil, concentration, fatigue...).","breadcrumb":{"@id":"https:\/\/psychologiedelasante.fr\/index.php\/sante-au-travail\/#breadcrumb"},"inLanguage":"fr-FR","potentialAction":[{"@type":"ReadAction","target":["https:\/\/psychologiedelasante.fr\/index.php\/sante-au-travail\/"]}]},{"@type":"BreadcrumbList","@id":"https:\/\/psychologiedelasante.fr\/index.php\/sante-au-travail\/#breadcrumb","itemListElement":[{"@type":"ListItem","position":1,"name":"Accueil","item":"https:\/\/psychologiedelasante.fr\/"},{"@type":"ListItem","position":2,"name":"Formation pour les salari\u00e9s"}]},{"@type":"WebSite","@id":"https:\/\/psychologiedelasante.fr\/#website","url":"https:\/\/psychologiedelasante.fr\/","name":"Amandine BONNET, Psychologue, Psychoth\u00e9rapeute, Formatrice","description":"","potentialAction":[{"@type":"SearchAction","target":{"@type":"EntryPoint","urlTemplate":"https:\/\/psychologiedelasante.fr\/?s={search_term_string}"},"query-input":{"@type":"PropertyValueSpecification","valueRequired":true,"valueName":"search_term_string"}}],"inLanguage":"fr-FR"}]}},"_links":{"self":[{"href":"https:\/\/psychologiedelasante.fr\/index.php\/wp-json\/wp\/v2\/pages\/215","targetHints":{"allow":["GET"]}}],"collection":[{"href":"https:\/\/psychologiedelasante.fr\/index.php\/wp-json\/wp\/v2\/pages"}],"about":[{"href":"https:\/\/psychologiedelasante.fr\/index.php\/wp-json\/wp\/v2\/types\/page"}],"author":[{"embeddable":true,"href":"https:\/\/psychologiedelasante.fr\/index.php\/wp-json\/wp\/v2\/users\/1"}],"replies":[{"embeddable":true,"href":"https:\/\/psychologiedelasante.fr\/index.php\/wp-json\/wp\/v2\/comments?post=215"}],"version-history":[{"count":11,"href":"https:\/\/psychologiedelasante.fr\/index.php\/wp-json\/wp\/v2\/pages\/215\/revisions"}],"predecessor-version":[{"id":1720,"href":"https:\/\/psychologiedelasante.fr\/index.php\/wp-json\/wp\/v2\/pages\/215\/revisions\/1720"}],"wp:attachment":[{"href":"https:\/\/psychologiedelasante.fr\/index.php\/wp-json\/wp\/v2\/media?parent=215"}],"curies":[{"name":"wp","href":"https:\/\/api.w.org\/{rel}","templated":true}]}}

Formation pour les salariés

<div id="pl-215"  class="panel-layout" ><div id="pg-215-0"  class="panel-grid panel-no-style" ><div id="pgc-215-0-0"  class="panel-grid-cell" ><div id="panel-215-0-0-0" class="so-panel widget widget_sow-editor panel-first-child" data-index="0" ><div
			
			class="so-widget-sow-editor so-widget-sow-editor-base"
			
		><h3 class="widget-title">Santé au travail</h3>
<div class="siteorigin-widget-tinymce textwidget">
	<p>Des modules de formation adaptés aux besoins des salariés sous forme d'ateliers pratiques, d'une demi-journée à 2 jours :</p>
<ul>
<li><strong>Positiver ses émotions au travail</strong> : <em>ou comment tirer le meilleur parti possible de ses émotions en développant son intelligence émotionnelle.</em></li>
<li><strong>Prévenir le burn-out</strong> : <em>apprendre à observer en soi pour mieux faire face aux situations stressantes et acquérir des outils simples d'entraînement attentionnel et de régulation émotionnelle pour développer la confiance en soi et retrouver l'envie et la motivation.</em></li>
<li><strong>Répondre au stress avec les outils de la pleine conscience</strong> : <em>gérer son stress avec des outils spécifiques issus des pratiques de mindfulness.</em></li>
<li><strong>Je coache ma santé !</strong> : <em>ou comment prendre soin de sa santé de façon globale.</em></li>
</ul>
<p>D'autres thèmes de formation sont possibles sur demande : nous sommes à votre disposition pour élaborer une formation qui corresponde parfaitement à vos besoins.</p>
<p>&nbsp;</p>
<p>&nbsp;</p>
<p><strong>Contact :</strong><br />
Amandine BONNET<br />
<a href="tel:+33651048322">06.51.04.83.22</a></p>
</div>
</div></div><div id="panel-215-0-0-1" class="so-panel widget widget_lawyer_zone_contact panel-last-child" data-index="1" >            <section id="contact" class="at-widgets acme-contact ">
                <div class="contact-form">
                    <div class="container">
                        <div class="row">
                            <div class='at-widget-title-wrapper'><h3 class="widget-title">Formulaire de contact</h3></div>                            <div class="col-md-12 init-animate zoomIn">
                                
<div class="wpcf7 no-js" id="wpcf7-f97-o1" lang="fr-FR" dir="ltr" data-wpcf7-id="97">
<div class="screen-reader-response"><p role="status" aria-live="polite" aria-atomic="true"></p> <ul></ul></div>
<form action="/index.php/wp-json/wp/v2/pages/215#wpcf7-f97-o1" method="post" class="wpcf7-form init" aria-label="Formulaire de contact" novalidate="novalidate" data-status="init">
<fieldset class="hidden-fields-container"><input type="hidden" name="_wpcf7" value="97" /><input type="hidden" name="_wpcf7_version" value="6.1.4" /><input type="hidden" name="_wpcf7_locale" value="fr_FR" /><input type="hidden" name="_wpcf7_unit_tag" value="wpcf7-f97-o1" /><input type="hidden" name="_wpcf7_container_post" value="0" /><input type="hidden" name="_wpcf7_posted_data_hash" value="" /><input type="hidden" name="_wpcf7_recaptcha_response" value="" />
</fieldset>
<p><label> Votre nom (obligatoire)<br />
<span class="wpcf7-form-control-wrap" data-name="your-name"><input size="40" maxlength="400" class="wpcf7-form-control wpcf7-text wpcf7-validates-as-required" aria-required="true" aria-invalid="false" value="" type="text" name="your-name" /></span> </label>
</p>
<p><label> Votre adresse de messagerie (obligatoire)<br />
<span class="wpcf7-form-control-wrap" data-name="your-email"><input size="40" maxlength="400" class="wpcf7-form-control wpcf7-email wpcf7-validates-as-required wpcf7-text wpcf7-validates-as-email" aria-required="true" aria-invalid="false" value="" type="email" name="your-email" /></span> </label>
</p>
<p><label> Objet<br />
<span class="wpcf7-form-control-wrap" data-name="your-subject"><input size="40" maxlength="400" class="wpcf7-form-control wpcf7-text" aria-invalid="false" value="" type="text" name="your-subject" /></span> </label>
</p>
<p><label> Votre message<br />
<span class="wpcf7-form-control-wrap" data-name="your-message"><textarea cols="40" rows="10" maxlength="2000" class="wpcf7-form-control wpcf7-textarea" aria-invalid="false" name="your-message"></textarea></span> </label>
</p>
<p><span class="wpcf7-form-control-wrap" data-name="acceptance-432"><span class="wpcf7-form-control wpcf7-acceptance"><span class="wpcf7-list-item"><label><input type="checkbox" name="acceptance-432" value="1" aria-invalid="false" /><span class="wpcf7-list-item-label">En accord avec la RGPD, en soumettant ce formulaire, j'accepte que les informations saisies dans celui-ci soient utilisées pour permettre de me recontacter dans le cadre d'une demande d'informations ou l'élaboration d'un devis. (Obligatoire)</span></label></span></span></span>
</p>
<p><input class="wpcf7-form-control wpcf7-submit has-spinner" type="submit" value="Envoyer" />
</p><div class="wpcf7-response-output" aria-hidden="true"></div>
</form>
</div>
                            </div>

                        </div>
                    </div>
                </div>
            </section>
            </div></div></div></div>

<p>Des modules de formation adaptés aux besoins des salariés sous forme d&rsquo;ateliers pratiques, d&rsquo;une demi-journée à 2 jours : Positiver ses émotions au travail : ou comment tirer le meilleur parti possible de ses émotions en développant son intelligence émotionnelle. Prévenir le burn-out : apprendre à observer en soi pour mieux faire face aux situations [&hellip;]</p>

<!-- This site is optimized with the Yoast SEO plugin v26.9 - https://yoast.com/product/yoast-seo-wordpress/ -->
<title>Formation pour les salariés | Amandine BONNET | Psychologue, Psychothérapeute | Montpellier</title>
<meta name="description" content="Orientées santé au travail, ces formations s&#039;adressent aux salariés en prévention des risques psychosociaux (stress, sommeil, concentration, fatigue...)." />
<meta name="robots" content="index, follow, max-snippet:-1, max-image-preview:large, max-video-preview:-1" />
<link rel="canonical" href="https://psychologiedelasante.fr/index.php/sante-au-travail/" />
<meta property="og:locale" content="fr_FR" />
<meta property="og:type" content="article" />
<meta property="og:title" content="Formation pour les salariés | Amandine BONNET | Psychologue, Psychothérapeute | Montpellier" />
<meta property="og:description" content="Orientées santé au travail, ces formations s&#039;adressent aux salariés en prévention des risques psychosociaux (stress, sommeil, concentration, fatigue...)." />
<meta property="og:url" content="https://psychologiedelasante.fr/index.php/sante-au-travail/" />
<meta property="og:site_name" content="Amandine BONNET | Psychologue, Psychothérapeute | Montpellier" />
<meta property="article:modified_time" content="2026-01-28T21:38:08+00:00" />
<meta name="twitter:card" content="summary_large_image" />
<meta name="twitter:label1" content="Durée de lecture estimée" />
	<meta name="twitter:data1" content="1 minute" />
<script type="application/ld+json" class="yoast-schema-graph">{"@context":"https://schema.org","@graph":[{"@type":"WebPage","@id":"https://psychologiedelasante.fr/index.php/sante-au-travail/","url":"https://psychologiedelasante.fr/index.php/sante-au-travail/","name":"Formation pour les salariés | Amandine BONNET | Psychologue, Psychothérapeute | Montpellier","isPartOf":{"@id":"https://psychologiedelasante.fr/#website"},"datePublished":"2018-07-16T10:13:17+00:00","dateModified":"2026-01-28T21:38:08+00:00","description":"Orientées santé au travail, ces formations s'adressent aux salariés en prévention des risques psychosociaux (stress, sommeil, concentration, fatigue...).","breadcrumb":{"@id":"https://psychologiedelasante.fr/index.php/sante-au-travail/#breadcrumb"},"inLanguage":"fr-FR","potentialAction":[{"@type":"ReadAction","target":["https://psychologiedelasante.fr/index.php/sante-au-travail/"]}]},{"@type":"BreadcrumbList","@id":"https://psychologiedelasante.fr/index.php/sante-au-travail/#breadcrumb","itemListElement":[{"@type":"ListItem","position":1,"name":"Accueil","item":"https://psychologiedelasante.fr/"},{"@type":"ListItem","position":2,"name":"Formation pour les salariés"}]},{"@type":"WebSite","@id":"https://psychologiedelasante.fr/#website","url":"https://psychologiedelasante.fr/","name":"Amandine BONNET, Psychologue, Psychothérapeute, Formatrice","description":"","potentialAction":[{"@type":"SearchAction","target":{"@type":"EntryPoint","urlTemplate":"https://psychologiedelasante.fr/?s={search_term_string}"},"query-input":{"@type":"PropertyValueSpecification","valueRequired":true,"valueName":"search_term_string"}}],"inLanguage":"fr-FR"}]}</script>
<!-- / Yoast SEO plugin. -->

Formation pour les salariés | Amandine BONNET | Psychologue, Psychothérapeute | Montpellier

Orientées santé au travail, ces formations s'adressent aux salariés en prévention des risques psychosociaux (stress, sommeil, concentration, fatigue...).

Amandine BONNET | Psychologue, Psychothérapeute | Montpellier

Amandine BONNET, Psychologue, Psychothérapeute, Formatrice
