{"id":314,"date":"2018-08-05T19:26:56","date_gmt":"2018-08-05T17:26:56","guid":{"rendered":"http:\/\/psychologiedelasante.fr\/?page_id=314"},"modified":"2018-08-14T15:49:43","modified_gmt":"2018-08-14T13:49:43","slug":"gerontologie","status":"publish","type":"page","link":"https:\/\/psychologiedelasante.fr\/index.php\/gerontologie\/","title":{"rendered":"G\u00e9rontologie"},"content":{"rendered":"<p>A destination des professionnels (IDE, aides \u00e0 domicile&#8230;) intervenant aupr\u00e8s de personnes \u00e2g\u00e9es, en \u00e9tablissement ou \u00e0 domicile, ces modules de formation\u00a0 proposent des outils concrets pour l&rsquo;am\u00e9lioration des pratiques professionnelles :<\/p>\n<ul>\n<li><strong>Maladie d&rsquo;Alzheimer et maladies apparent\u00e9es<\/strong> : <em>am\u00e9liorer les pratiques professionnelles concernant le diagnostic et la prise en soin des patients atteints de la maladie d&rsquo;Alzheimer -et maladies apparent\u00e9es- en EHPAD et \u00e9tablissements de sant\u00e9<\/em><\/li>\n<li><strong>Les soins palliatifs<\/strong> : <em>promouvoir l&rsquo;am\u00e9lioration de la qualit\u00e9 des soins palliatifs et de l&rsquo;accompagnement de fin de vie des personnes \u00e2g\u00e9es et handicap\u00e9es en \u00e9tablissement de sant\u00e9, en EHPAD et \u00e0 domicile.<\/em><\/li>\n<li><strong>La bientraitance en institution<\/strong> : <em>sensibiliser et promouvoir l&rsquo;am\u00e9lioration de la qualit\u00e9 de vie des personnes \u00e2g\u00e9es r\u00e9sidant en EHPAD et des professionnels y travaillant<\/em><\/li>\n<li><strong>La douleur chez la personne \u00e2g\u00e9e<\/strong> : <em>am\u00e9liorer les pratiques professionnelles concernant la prise en charge de la douleur chez la personne \u00e2g\u00e9e<\/em><\/li>\n<li><strong>Nutrition et d\u00e9nutrition : alimentation de la personne \u00e2g\u00e9e<\/strong> : <em>sensibiliser et former \u00e0 l&rsquo;importance du maintien d&rsquo;un bon \u00e9tat nutritionnel des personnes \u00e2g\u00e9es, en terme de besoin et de plaisir. <\/em><\/li>\n<\/ul>\n","protected":false},"excerpt":{"rendered":"<p>A destination des professionnels (IDE, aides \u00e0 domicile&#8230;) intervenant aupr\u00e8s de personnes \u00e2g\u00e9es, en \u00e9tablissement ou \u00e0 domicile, ces modules de formation\u00a0 proposent des outils concrets pour l&rsquo;am\u00e9lioration des pratiques professionnelles : Maladie d&rsquo;Alzheimer et maladies apparent\u00e9es : am\u00e9liorer les pratiques professionnelles concernant le diagnostic et la prise en soin des patients atteints de la [&hellip;]<\/p>\n","protected":false},"author":1,"featured_media":405,"parent":0,"menu_order":0,"comment_status":"closed","ping_status":"closed","template":"","meta":{"footnotes":""},"class_list":["post-314","page","type-page","status-publish","has-post-thumbnail","hentry"],"yoast_head":"<!-- This site is optimized with the Yoast SEO plugin v26.9 - https:\/\/yoast.com\/product\/yoast-seo-wordpress\/ -->\n<title>G\u00e9rontologie | Amandine BONNET | Psychologue, Psychoth\u00e9rapeute | Montpellier<\/title>\n<meta name=\"description\" content=\"Amandine BONNET, Psychologue de la sant\u00e9, Psychoth\u00e9rapeute, Consultante Pr\u00e9vention Sant\u00e9, Th\u00e9rapies de pleine conscience, Montpellier, France\" \/>\n<meta name=\"robots\" content=\"index, follow, max-snippet:-1, max-image-preview:large, max-video-preview:-1\" \/>\n<link rel=\"canonical\" href=\"https:\/\/psychologiedelasante.fr\/index.php\/gerontologie\/\" \/>\n<meta property=\"og:locale\" content=\"fr_FR\" \/>\n<meta property=\"og:type\" content=\"article\" \/>\n<meta property=\"og:title\" content=\"G\u00e9rontologie | Amandine BONNET | Psychologue, Psychoth\u00e9rapeute | Montpellier\" \/>\n<meta property=\"og:description\" content=\"Amandine BONNET, Psychologue de la sant\u00e9, Psychoth\u00e9rapeute, Consultante Pr\u00e9vention Sant\u00e9, Th\u00e9rapies de pleine conscience, Montpellier, France\" \/>\n<meta property=\"og:url\" content=\"https:\/\/psychologiedelasante.fr\/index.php\/gerontologie\/\" \/>\n<meta property=\"og:site_name\" content=\"Amandine BONNET | Psychologue, Psychoth\u00e9rapeute | Montpellier\" \/>\n<meta property=\"article:modified_time\" content=\"2018-08-14T13:49:43+00:00\" \/>\n<meta property=\"og:image\" content=\"https:\/\/psychologiedelasante.fr\/wp-content\/uploads\/2018\/08\/patient-care.jpg\" \/>\n\t<meta property=\"og:image:width\" content=\"340\" \/>\n\t<meta property=\"og:image:height\" content=\"340\" \/>\n\t<meta property=\"og:image:type\" content=\"image\/jpeg\" \/>\n<meta name=\"twitter:card\" content=\"summary_large_image\" \/>\n<meta name=\"twitter:label1\" content=\"Dur\u00e9e de lecture estim\u00e9e\" \/>\n\t<meta name=\"twitter:data1\" content=\"1 minute\" \/>\n<script type=\"application\/ld+json\" class=\"yoast-schema-graph\">{\"@context\":\"https:\/\/schema.org\",\"@graph\":[{\"@type\":\"WebPage\",\"@id\":\"https:\/\/psychologiedelasante.fr\/index.php\/gerontologie\/\",\"url\":\"https:\/\/psychologiedelasante.fr\/index.php\/gerontologie\/\",\"name\":\"G\u00e9rontologie | Amandine BONNET | Psychologue, Psychoth\u00e9rapeute | Montpellier\",\"isPartOf\":{\"@id\":\"https:\/\/psychologiedelasante.fr\/#website\"},\"primaryImageOfPage\":{\"@id\":\"https:\/\/psychologiedelasante.fr\/index.php\/gerontologie\/#primaryimage\"},\"image\":{\"@id\":\"https:\/\/psychologiedelasante.fr\/index.php\/gerontologie\/#primaryimage\"},\"thumbnailUrl\":\"https:\/\/psychologiedelasante.fr\/wp-content\/uploads\/2018\/08\/patient-care.jpg\",\"datePublished\":\"2018-08-05T17:26:56+00:00\",\"dateModified\":\"2018-08-14T13:49:43+00:00\",\"description\":\"Amandine BONNET, Psychologue de la sant\u00e9, Psychoth\u00e9rapeute, Consultante Pr\u00e9vention Sant\u00e9, Th\u00e9rapies de pleine conscience, Montpellier, France\",\"breadcrumb\":{\"@id\":\"https:\/\/psychologiedelasante.fr\/index.php\/gerontologie\/#breadcrumb\"},\"inLanguage\":\"fr-FR\",\"potentialAction\":[{\"@type\":\"ReadAction\",\"target\":[\"https:\/\/psychologiedelasante.fr\/index.php\/gerontologie\/\"]}]},{\"@type\":\"ImageObject\",\"inLanguage\":\"fr-FR\",\"@id\":\"https:\/\/psychologiedelasante.fr\/index.php\/gerontologie\/#primaryimage\",\"url\":\"https:\/\/psychologiedelasante.fr\/wp-content\/uploads\/2018\/08\/patient-care.jpg\",\"contentUrl\":\"https:\/\/psychologiedelasante.fr\/wp-content\/uploads\/2018\/08\/patient-care.jpg\",\"width\":340,\"height\":340,\"caption\":\"Formation pour les professionnels de sant\u00e9\"},{\"@type\":\"BreadcrumbList\",\"@id\":\"https:\/\/psychologiedelasante.fr\/index.php\/gerontologie\/#breadcrumb\",\"itemListElement\":[{\"@type\":\"ListItem\",\"position\":1,\"name\":\"Accueil\",\"item\":\"https:\/\/psychologiedelasante.fr\/\"},{\"@type\":\"ListItem\",\"position\":2,\"name\":\"G\u00e9rontologie\"}]},{\"@type\":\"WebSite\",\"@id\":\"https:\/\/psychologiedelasante.fr\/#website\",\"url\":\"https:\/\/psychologiedelasante.fr\/\",\"name\":\"Amandine BONNET, Psychologue, Psychoth\u00e9rapeute, Formatrice\",\"description\":\"\",\"potentialAction\":[{\"@type\":\"SearchAction\",\"target\":{\"@type\":\"EntryPoint\",\"urlTemplate\":\"https:\/\/psychologiedelasante.fr\/?s={search_term_string}\"},\"query-input\":{\"@type\":\"PropertyValueSpecification\",\"valueRequired\":true,\"valueName\":\"search_term_string\"}}],\"inLanguage\":\"fr-FR\"}]}<\/script>\n<!-- \/ Yoast SEO plugin. -->","yoast_head_json":{"title":"G\u00e9rontologie | Amandine BONNET | Psychologue, Psychoth\u00e9rapeute | Montpellier","description":"Amandine BONNET, Psychologue de la sant\u00e9, Psychoth\u00e9rapeute, Consultante Pr\u00e9vention Sant\u00e9, Th\u00e9rapies de pleine conscience, Montpellier, France","robots":{"index":"index","follow":"follow","max-snippet":"max-snippet:-1","max-image-preview":"max-image-preview:large","max-video-preview":"max-video-preview:-1"},"canonical":"https:\/\/psychologiedelasante.fr\/index.php\/gerontologie\/","og_locale":"fr_FR","og_type":"article","og_title":"G\u00e9rontologie | Amandine BONNET | Psychologue, Psychoth\u00e9rapeute | Montpellier","og_description":"Amandine BONNET, Psychologue de la sant\u00e9, Psychoth\u00e9rapeute, Consultante Pr\u00e9vention Sant\u00e9, Th\u00e9rapies de pleine conscience, Montpellier, France","og_url":"https:\/\/psychologiedelasante.fr\/index.php\/gerontologie\/","og_site_name":"Amandine BONNET | Psychologue, Psychoth\u00e9rapeute | Montpellier","article_modified_time":"2018-08-14T13:49:43+00:00","og_image":[{"width":340,"height":340,"url":"https:\/\/psychologiedelasante.fr\/wp-content\/uploads\/2018\/08\/patient-care.jpg","type":"image\/jpeg"}],"twitter_card":"summary_large_image","twitter_misc":{"Dur\u00e9e de lecture estim\u00e9e":"1 minute"},"schema":{"@context":"https:\/\/schema.org","@graph":[{"@type":"WebPage","@id":"https:\/\/psychologiedelasante.fr\/index.php\/gerontologie\/","url":"https:\/\/psychologiedelasante.fr\/index.php\/gerontologie\/","name":"G\u00e9rontologie | Amandine BONNET | Psychologue, Psychoth\u00e9rapeute | Montpellier","isPartOf":{"@id":"https:\/\/psychologiedelasante.fr\/#website"},"primaryImageOfPage":{"@id":"https:\/\/psychologiedelasante.fr\/index.php\/gerontologie\/#primaryimage"},"image":{"@id":"https:\/\/psychologiedelasante.fr\/index.php\/gerontologie\/#primaryimage"},"thumbnailUrl":"https:\/\/psychologiedelasante.fr\/wp-content\/uploads\/2018\/08\/patient-care.jpg","datePublished":"2018-08-05T17:26:56+00:00","dateModified":"2018-08-14T13:49:43+00:00","description":"Amandine BONNET, Psychologue de la sant\u00e9, Psychoth\u00e9rapeute, Consultante Pr\u00e9vention Sant\u00e9, Th\u00e9rapies de pleine conscience, Montpellier, France","breadcrumb":{"@id":"https:\/\/psychologiedelasante.fr\/index.php\/gerontologie\/#breadcrumb"},"inLanguage":"fr-FR","potentialAction":[{"@type":"ReadAction","target":["https:\/\/psychologiedelasante.fr\/index.php\/gerontologie\/"]}]},{"@type":"ImageObject","inLanguage":"fr-FR","@id":"https:\/\/psychologiedelasante.fr\/index.php\/gerontologie\/#primaryimage","url":"https:\/\/psychologiedelasante.fr\/wp-content\/uploads\/2018\/08\/patient-care.jpg","contentUrl":"https:\/\/psychologiedelasante.fr\/wp-content\/uploads\/2018\/08\/patient-care.jpg","width":340,"height":340,"caption":"Formation pour les professionnels de sant\u00e9"},{"@type":"BreadcrumbList","@id":"https:\/\/psychologiedelasante.fr\/index.php\/gerontologie\/#breadcrumb","itemListElement":[{"@type":"ListItem","position":1,"name":"Accueil","item":"https:\/\/psychologiedelasante.fr\/"},{"@type":"ListItem","position":2,"name":"G\u00e9rontologie"}]},{"@type":"WebSite","@id":"https:\/\/psychologiedelasante.fr\/#website","url":"https:\/\/psychologiedelasante.fr\/","name":"Amandine BONNET, Psychologue, Psychoth\u00e9rapeute, Formatrice","description":"","potentialAction":[{"@type":"SearchAction","target":{"@type":"EntryPoint","urlTemplate":"https:\/\/psychologiedelasante.fr\/?s={search_term_string}"},"query-input":{"@type":"PropertyValueSpecification","valueRequired":true,"valueName":"search_term_string"}}],"inLanguage":"fr-FR"}]}},"_links":{"self":[{"href":"https:\/\/psychologiedelasante.fr\/index.php\/wp-json\/wp\/v2\/pages\/314","targetHints":{"allow":["GET"]}}],"collection":[{"href":"https:\/\/psychologiedelasante.fr\/index.php\/wp-json\/wp\/v2\/pages"}],"about":[{"href":"https:\/\/psychologiedelasante.fr\/index.php\/wp-json\/wp\/v2\/types\/page"}],"author":[{"embeddable":true,"href":"https:\/\/psychologiedelasante.fr\/index.php\/wp-json\/wp\/v2\/users\/1"}],"replies":[{"embeddable":true,"href":"https:\/\/psychologiedelasante.fr\/index.php\/wp-json\/wp\/v2\/comments?post=314"}],"version-history":[{"count":7,"href":"https:\/\/psychologiedelasante.fr\/index.php\/wp-json\/wp\/v2\/pages\/314\/revisions"}],"predecessor-version":[{"id":606,"href":"https:\/\/psychologiedelasante.fr\/index.php\/wp-json\/wp\/v2\/pages\/314\/revisions\/606"}],"wp:featuredmedia":[{"embeddable":true,"href":"https:\/\/psychologiedelasante.fr\/index.php\/wp-json\/wp\/v2\/media\/405"}],"wp:attachment":[{"href":"https:\/\/psychologiedelasante.fr\/index.php\/wp-json\/wp\/v2\/media?parent=314"}],"curies":[{"name":"wp","href":"https:\/\/api.w.org\/{rel}","templated":true}]}}

Gérontologie

<p>A destination des professionnels (IDE, aides à domicile&#8230;) intervenant auprès de personnes âgées, en établissement ou à domicile, ces modules de formation  proposent des outils concrets pour l&rsquo;amélioration des pratiques professionnelles :</p>
<ul>
<li><strong>Maladie d&rsquo;Alzheimer et maladies apparentées</strong> : <em>améliorer les pratiques professionnelles concernant le diagnostic et la prise en soin des patients atteints de la maladie d&rsquo;Alzheimer -et maladies apparentées- en EHPAD et établissements de santé</em></li>
<li><strong>Les soins palliatifs</strong> : <em>promouvoir l&rsquo;amélioration de la qualité des soins palliatifs et de l&rsquo;accompagnement de fin de vie des personnes âgées et handicapées en établissement de santé, en EHPAD et à domicile.</em></li>
<li><strong>La bientraitance en institution</strong> : <em>sensibiliser et promouvoir l&rsquo;amélioration de la qualité de vie des personnes âgées résidant en EHPAD et des professionnels y travaillant</em></li>
<li><strong>La douleur chez la personne âgée</strong> : <em>améliorer les pratiques professionnelles concernant la prise en charge de la douleur chez la personne âgée</em></li>
<li><strong>Nutrition et dénutrition : alimentation de la personne âgée</strong> : <em>sensibiliser et former à l&rsquo;importance du maintien d&rsquo;un bon état nutritionnel des personnes âgées, en terme de besoin et de plaisir. </em></li>
</ul>

<p>A destination des professionnels (IDE, aides à domicile&#8230;) intervenant auprès de personnes âgées, en établissement ou à domicile, ces modules de formation  proposent des outils concrets pour l&rsquo;amélioration des pratiques professionnelles : Maladie d&rsquo;Alzheimer et maladies apparentées : améliorer les pratiques professionnelles concernant le diagnostic et la prise en soin des patients atteints de la [&hellip;]</p>

<!-- This site is optimized with the Yoast SEO plugin v26.9 - https://yoast.com/product/yoast-seo-wordpress/ -->
<title>Gérontologie | Amandine BONNET | Psychologue, Psychothérapeute | Montpellier</title>
<meta name="description" content="Amandine BONNET, Psychologue de la santé, Psychothérapeute, Consultante Prévention Santé, Thérapies de pleine conscience, Montpellier, France" />
<meta name="robots" content="index, follow, max-snippet:-1, max-image-preview:large, max-video-preview:-1" />
<link rel="canonical" href="https://psychologiedelasante.fr/index.php/gerontologie/" />
<meta property="og:locale" content="fr_FR" />
<meta property="og:type" content="article" />
<meta property="og:title" content="Gérontologie | Amandine BONNET | Psychologue, Psychothérapeute | Montpellier" />
<meta property="og:description" content="Amandine BONNET, Psychologue de la santé, Psychothérapeute, Consultante Prévention Santé, Thérapies de pleine conscience, Montpellier, France" />
<meta property="og:url" content="https://psychologiedelasante.fr/index.php/gerontologie/" />
<meta property="og:site_name" content="Amandine BONNET | Psychologue, Psychothérapeute | Montpellier" />
<meta property="article:modified_time" content="2018-08-14T13:49:43+00:00" />
<meta property="og:image" content="https://psychologiedelasante.fr/wp-content/uploads/2018/08/patient-care.jpg" />
	<meta property="og:image:width" content="340" />
	<meta property="og:image:height" content="340" />
	<meta property="og:image:type" content="image/jpeg" />
<meta name="twitter:card" content="summary_large_image" />
<meta name="twitter:label1" content="Durée de lecture estimée" />
	<meta name="twitter:data1" content="1 minute" />
<script type="application/ld+json" class="yoast-schema-graph">{"@context":"https://schema.org","@graph":[{"@type":"WebPage","@id":"https://psychologiedelasante.fr/index.php/gerontologie/","url":"https://psychologiedelasante.fr/index.php/gerontologie/","name":"Gérontologie | Amandine BONNET | Psychologue, Psychothérapeute | Montpellier","isPartOf":{"@id":"https://psychologiedelasante.fr/#website"},"primaryImageOfPage":{"@id":"https://psychologiedelasante.fr/index.php/gerontologie/#primaryimage"},"image":{"@id":"https://psychologiedelasante.fr/index.php/gerontologie/#primaryimage"},"thumbnailUrl":"https://psychologiedelasante.fr/wp-content/uploads/2018/08/patient-care.jpg","datePublished":"2018-08-05T17:26:56+00:00","dateModified":"2018-08-14T13:49:43+00:00","description":"Amandine BONNET, Psychologue de la santé, Psychothérapeute, Consultante Prévention Santé, Thérapies de pleine conscience, Montpellier, France","breadcrumb":{"@id":"https://psychologiedelasante.fr/index.php/gerontologie/#breadcrumb"},"inLanguage":"fr-FR","potentialAction":[{"@type":"ReadAction","target":["https://psychologiedelasante.fr/index.php/gerontologie/"]}]},{"@type":"ImageObject","inLanguage":"fr-FR","@id":"https://psychologiedelasante.fr/index.php/gerontologie/#primaryimage","url":"https://psychologiedelasante.fr/wp-content/uploads/2018/08/patient-care.jpg","contentUrl":"https://psychologiedelasante.fr/wp-content/uploads/2018/08/patient-care.jpg","width":340,"height":340,"caption":"Formation pour les professionnels de santé"},{"@type":"BreadcrumbList","@id":"https://psychologiedelasante.fr/index.php/gerontologie/#breadcrumb","itemListElement":[{"@type":"ListItem","position":1,"name":"Accueil","item":"https://psychologiedelasante.fr/"},{"@type":"ListItem","position":2,"name":"Gérontologie"}]},{"@type":"WebSite","@id":"https://psychologiedelasante.fr/#website","url":"https://psychologiedelasante.fr/","name":"Amandine BONNET, Psychologue, Psychothérapeute, Formatrice","description":"","potentialAction":[{"@type":"SearchAction","target":{"@type":"EntryPoint","urlTemplate":"https://psychologiedelasante.fr/?s={search_term_string}"},"query-input":{"@type":"PropertyValueSpecification","valueRequired":true,"valueName":"search_term_string"}}],"inLanguage":"fr-FR"}]}</script>
<!-- / Yoast SEO plugin. -->

Gérontologie | Amandine BONNET | Psychologue, Psychothérapeute | Montpellier

Amandine BONNET, Psychologue de la santé, Psychothérapeute, Consultante Prévention Santé, Thérapies de pleine conscience, Montpellier, France

Amandine BONNET | Psychologue, Psychothérapeute | Montpellier

Formation pour les professionnels de santé

Amandine BONNET, Psychologue, Psychothérapeute, Formatrice
